
Is 50789 a composite number?
False
Is 97919 prime?
True
Is 346487 composite?
True
Is 1717 prime?
False
Is 86253 prime?
False
Is 105751 composite?
False
Is 154667 composite?
False
Is 16649 a composite number?
False
Is 589993 prime?
True
Is 131277 a prime number?
False
Is 317143 composite?
True
Is 97621 a prime number?
False
Is 39439 a prime number?
True
Is 16183 composite?
False
Is 5069 a composite number?
True
Is 9031 a composite number?
True
Is 301738 a prime number?
False
Is 17717 a composite number?
True
Is 1481627 a prime number?
False
Is 1814 a composite number?
True
Is 10391 a prime number?
True
Is 94442 a prime number?
False
Is 26242 composite?
True
Is 2851 prime?
True
Is 4117 a composite number?
True
Is 112857 composite?
True
Is 124766 composite?
True
Is 2981 composite?
True
Is 2017649 a composite number?
True
Is 50981 a composite number?
True
Is 415199 composite?
True
Is 455881 composite?
False
Is 2554 a composite number?
True
Is 2870789 a composite number?
False
Is 10783 prime?
False
Is 101417 composite?
True
Is 259465 a composite number?
True
Is 6779 prime?
True
Is 675709 a prime number?
False
Is 674 a composite number?
True
Is 681 a prime number?
False
Is 943199 prime?
True
Is 5087 composite?
False
Is 6947 composite?
False
Is 221 composite?
True
Is 43922 prime?
False
Is 342821 prime?
True
Is 1873337 a composite number?
False
Is 7901 composite?
False
Is 199399 prime?
True
Is 73193 composite?
True
Is 1145213 prime?
True
Is 82067 composite?
False
Is 28673 a prime number?
False
Is 18119 a composite number?
False
Is 194621 composite?
True
Is 66679 a prime number?
False
Is 1118491 a prime number?
False
Is 11801 composite?
False
Is 37463 a composite number?
False
Is 2993 composite?
True
Is 28195 a prime number?
False
Is 6013 composite?
True
Is 384611 prime?
True
Is 14401 a prime number?
True
Is 8279 a composite number?
True
Is 10267 composite?
False
Is 78599 composite?
True
Is 126197 a prime number?
False
Is 1119 prime?
False
Is 7093 prime?
False
Is 8573 a prime number?
True
Is 7043 a composite number?
False
Is 1033511 a prime number?
False
Is 1048657 a composite number?
True
Is 238219 composite?
True
Is 2533 a composite number?
True
Is 3899 prime?
False
Is 1509701 a prime number?
True
Is 1156241 a prime number?
False
Is 180889 a composite number?
True
Is 167987 a prime number?
True
Is 401623 composite?
True
Is 1933891 prime?
True
Is 154643 composite?
False
Is 1323221 a prime number?
True
Is 28859 a composite number?
False
Is 17399 a prime number?
False
Is 317483 prime?
True
Is 2344967 a prime number?
True
Is 933 prime?
False
Is 7481 prime?
True
Is 12731 prime?
False
Is 122579 prime?
True
Is 389311 a composite number?
True
Is 2753311 prime?
False
Is 53683 a prime number?
False
Is 154369 a composite number?
False
Is 615991 a prime number?
False
Is 9038 a composite number?
True
Is 5100613 prime?
False
Is 8663 composite?
False
Is 1109387 a composite number?
False
Is 20593 prime?
True
Is 164471 a prime number?
True
Is 6805 composite?
True
Is 28349 a prime number?
True
Is 16597 a composite number?
True
Is 21059 prime?
True
Is 1087 a composite number?
False
Is 119107 a prime number?
True
Is 18533 a composite number?
True
Is 890653 composite?
False
Is 4801 prime?
True
Is 206389 composite?
True
Is 639433 prime?
True
Is 50821 prime?
True
Is 156337 a composite number?
True
Is 12759 a composite number?
True
Is 624071 composite?
True
Is 115573 a composite number?
True
Is 64131 prime?
False
Is 21977 composite?
False
Is 3814945 a prime number?
False
Is 24631 composite?
False
Is 5969 composite?
True
Is 88411 a composite number?
False
Is 2339507 composite?
False
Is 68993 composite?
False
Is 3079 prime?
True
Is 183233 a prime number?
False
Is 292337 prime?
False
Is 106651 a prime number?
False
Is 34807 a prime number?
True
Is 3589031 a prime number?
True
Is 130037 prime?
False
Is 9649 prime?
True
Is 4111 composite?
False
Is 51341 a composite number?
False
Is 1514 prime?
False
Is 1473 prime?
False
Is 15601 a prime number?
True
Is 126193 prime?
False
Is 19846 prime?
False
Is 2543083 a prime number?
False
Is 213491 composite?
False
Is 3457 prime?
True
Is 39473 prime?
False
Is 15439 a composite number?
False
Is 3071 a composite number?
True
Is 2024327 a composite number?
False
Is 79031 a composite number?
False
Is 565849 a prime number?
True
Is 306923 a prime number?
False
Is 73231 a prime number?
False
Is 11743 a composite number?
False
Is 481 a composite number?
True
Is 1115755 composite?
True
Is 141391 a composite number?
True
Is 13597 a composite number?
False
Is 616871 a prime number?
True
Is 18899 composite?
False
Is 1508249 a composite number?
False
Is 39481 composite?
True
Is 93514 prime?
False
Is 9601 prime?
True
Is 210823 prime?
True
Is 38039 a composite number?
False
Is 18809 prime?
False
Is 371539 a composite number?
True
Is 17879 a prime number?
False
Is 38993 prime?
True
Is 9347 a composite number?
True
Is 9677 a prime number?
True
Is 63811 prime?
False
Is 75071 a composite number?
True
Is 50261 a composite number?
False
Is 1619 a composite number?
False
Is 1409149 prime?
False
Is 51 a prime number?
False
Is 27359 composite?
True
Is 105005 prime?
False
Is 11719 a prime number?
True
Is 714971 a prime number?
True
Is 42899 prime?
True
Is 38015 a prime number?
False
Is 25399 a composite number?
True
Is 206111 a prime number?
False
Is 1713 composite?
True
Is 185491 composite?
False
Is 1664003 a prime number?
False
Is 24749 a composite number?
False
Is 986905 a composite number?
True
Is 21349 a prime number?
False
Is 21874 a prime number?
False
Is 69911 composite?
False
Is 1928607 prime?
False
Is 3817 composite?
True
Is 621983 a composite number?
False
Is 546565 prime?
False
Is 172779 a composite number?
True
Is 167593 prime?
True
Is 1419458 composite?
True
Is 32905 a prime number?
False
Is 69351 a composite number?
True
Is 5591 composite?
False
Is 73637 a prime number?
True
Is 86971 composite?
True
Is 4853 prime?
False
Is 502781 a composite number?
False
Is 14779 prime?
True
Is 6563 composite?
False
Is 268057 composite?
True
Is 20171 a composite number?
True
Is 11665 prime?
False
Is 22961 prime?
True
Is 6449 a prime number?
True
Is 2721886 prime?
False
Is 537 prime?
False
Is 19771 composite?
True
Is 36107 a composite number?
False
Is 505867 a prime number?
True
Is 18041 a composite number?
False
Is 3877 composite?
False
Is 96391 composite?
True
Is 11579 composite?
False
Is 1657 composite?
False
Is 58523 a composite number?
True
Is 279289 a prime number?
False
Is 31469 composite?
False
Is 9031 a prime number?
False
Is 11365 a composite number?
True
Is 4586 prime?
False
Is 354953 a composite number?
False
Is 73859 a composite number?
False
Is 64121 composite?
True
Is 787 a prime number?
True
Is 368369 a composite number?
False
Is 396835 composite?
True
Is 369539 prime?
True
Is 106823 a composite number?
False
Is 795703 a composite number?
False
Is 1831117 a composite number?
True
Is 299807 a prime number?
True
Is 2927 a composite number?
False
Is 151391 a composite number?
False
Is 744531 composite?
True
Is 38422 a prime number?
False
Is 8057 composite?
True
Is 3163 prime?
True
Is 30769 composite?
True
Is 55307 a composite number?
True
Is 1246241 composite?
False
Is 172281 a prime number?
False
Is 3126395 a prime number?
False
Is 725789 prime?
True
Is 4471 prime?
False
Is 6229 composite?
False
Is 13781 a composite number?
False
Is 4763 a composite number?
True
Is 1262489 a composite number?
True
Is 34514 composite?
True
Is 133303 prime?
True
Is 537269 composite?
False
Is 27663 prime?
False
Is 12661 a composite number?
True
Is 113327 composite?
False
Is 10817 a composite number?
True
Is 25957 a prime number?
False
Is 7061 prime?
False
Is 91703 composite?
False
Is 821 a composite number?
False
Is 23869 composite?
False
Is 1071559 a prime number?
False
Is 22247 prime?
True
Is 1361 composite?
False
Is 1158731 a composite number?
True
Is 10313 prime?
True
Is 266267 prime?
False
Is 31013 prime?
True
Is 1043 a prime number?
False
Is 76561 prime?
True
Is 836609 a composite number?
False
Is 704929 a composite number?
False
Is 32317 a composite number?
True
Is 896321 prime?
False
Is 52769 a prime number?
True
Is 1153507 composite?
True
Is 6323 composite?
